{"id":198,"date":"2018-06-28T21:05:49","date_gmt":"2018-06-28T21:05:49","guid":{"rendered":"https:\/\/www.noc-nietoperzy.pl\/?page_id=198"},"modified":"2018-12-27T20:57:05","modified_gmt":"2018-12-27T20:57:05","slug":"xv-noc-nietoperzy","status":"publish","type":"page","link":"https:\/\/www.noc-nietoperzy.pl\/?page_id=198","title":{"rendered":"XV Noc Nietoperzy"},"content":{"rendered":"\n<p>5 pa\u017adziernika 2018 roku na terenie gminy Korczyna odby\u0142a si\u0119 impreza pod tytu\u0142em \u201eNoc Nietoperzy \u2013 Poznajmy i chro\u0144my nietoperze\u201d. Impreza ta organizowana jest corocznie w ramach Mi\u0119dzynarodowej Nocy Nietoperzy i ma na celu, mi\u0119dzy innymi kszta\u0142towanie pozytywnego stosunku ludzi do nietoperzy oraz innych zwierz\u0105t zamieszkuj\u0105cych budynki sakralne lub inne budowle blisko cz\u0142owieka.<\/p>\n\n\n\n<p>\u201eNoc Nietoperzy\u201d, jak co roku zorganizowana zosta\u0142a przez Spo\u0142eczny Komitet Organizacyjny sk\u0142adaj\u0105cy si\u0119 przedstawicieli Stowarzyszenia Wsp\u00f3\u0142pracy Polska \u2013 Wsch\u00f3d, Gminy Korczyna, Wojew\u00f3dzkiego Funduszu Ochrony \u015arodowiska i Gospodarki Wodnej, Polskiej Akademii Nauk, Las\u00f3w Pa\u0144stwowych, Gminnego O\u015brodka Kultury w Korczynie oraz Zespo\u0142u Karpackich Park\u00f3w Krajobrazowych w Kro\u015bnie. Przy organizacji pomocy udzieli\u0142 r\u00f3wnie\u017c Starosta Kro\u015bnie\u0144ski. Przewodnicz\u0105cym Spo\u0142ecznego Komitetu Organizacyjnego by\u0142 Stanis\u0142aw Jucha \u2013 wieloletni prezes Podkarpackiego Oddzia\u0142u SWP-W oraz pomys\u0142odawca przedsi\u0119wzi\u0119cia.<\/p>\n\n\n\n<p>Imprez\u0119 rozpocz\u0119\u0142o sympozjum naukowe w Domu Ludowym w Czarnorzekach. Otwarcia dokona\u0142 Gabriel Zajdel \u2013 Prezes Podkarpackiego Oddzia\u0142u Stowarzyszenia Wsp\u00f3\u0142pracy Polska Wsch\u00f3d. &nbsp;Sympozjum naukowe prowadzone by\u0142o pod przewodnictwem profesora dr hab. Bronis\u0142awa W. Wo\u0142oszyna. Zaproszeni zostali go\u015bcie z: Polski, Ukrainy oraz W\u0142och. Po zako\u0144czeniu sympozjum w Domu Ludowym w Czarnorzekach odby\u0142a si\u0119 cz\u0119\u015b\u0107 edukacyjna oraz og\u0142oszenie laureat\u00f3w konkursu \u2013 \u201ePoznajmy i chro\u0144my nietoperze\u201d. Prelekcj\u0119 poprowadzi\u0142 profesor dr hab. Bronis\u0142aw W. Wo\u0142oszyn. W trakcje trwania prelekcji g\u0142os zabra\u0142 r\u00f3wnie\u017c dr Edward Marsza\u0142ek, dr Katarzyna Mi\u0142ek oraz Jan Stachyrak. &nbsp;W cz\u0119\u015bci edukacyjnej opr\u00f3cz zaproszonych go\u015bci udzia\u0142 wzi\u0119li uczniowie ze szk\u00f3\u0142 podstawowych i gimnazjalnych z powiatu kro\u015bnie\u0144skiego i okolic.<\/p>\n\n\n\n<p>\u00a0\u00a0\u00a0\u00a0\u00a0\u00a0\u00a0\u00a0\u00a0\u00a0\u00a0 Po zako\u0144czeniu prelekcji zosta\u0142y og\u0142oszone wyniki konkursu plastycznego oraz nast\u0105pi\u0142o rozdanie nagr\u00f3d ufundowanych przez Wojew\u00f3dzki Fundusz Ochrony \u015arodowiska i Gospodarki Wodnej. W jury zasiadali przewodnicz\u0105cy Krzysztof Bryniecki \u2013 przedstawiciel Biura Wystaw Artystycznych w Kro\u015bnie, Teresa Gazda przedstawiciel GOK w Korczynie oraz Monika Jankowicz \u2013 przedstawiciel Zespo\u0142u Karpackich Park\u00f3w Krajobrazowych w Kro\u015bnie.<\/p>\n\n\n\n<ul class=\"wp-block-gallery columns-3 is-cropped wp-block-gallery-1 is-layout-flex wp-block-gallery-is-layout-flex\"><li class=\"blocks-gallery-item\"><figure><img loading=\"lazy\" decoding=\"async\" width=\"1024\" height=\"768\" src=\"https:\/\/www.noc-nietoperzy.pl\/wp-content\/uploads\/2018\/12\/dscn7430-1024x768.jpg\" alt=\"\" data-id=\"264\" data-link=\"https:\/\/www.noc-nietoperzy.pl\/?attachment_id=264\" class=\"wp-image-264\" srcset=\"https:\/\/www.noc-nietoperzy.pl\/wp-content\/uploads\/2018\/12\/dscn7430-1024x768.jpg 1024w, https:\/\/www.noc-nietoperzy.pl\/wp-content\/uploads\/2018\/12\/dscn7430-300x225.jpg 300w, https:\/\/www.noc-nietoperzy.pl\/wp-content\/uploads\/2018\/12\/dscn7430-768x576.jpg 768w\" sizes=\"auto, (max-width: 1024px) 100vw, 1024px\" \/><\/figure><\/li><li class=\"blocks-gallery-item\"><figure><img loading=\"lazy\" decoding=\"async\" width=\"1024\" height=\"768\" src=\"https:\/\/www.noc-nietoperzy.pl\/wp-content\/uploads\/2018\/12\/dscn7439-1024x768.jpg\" alt=\"\" data-id=\"265\" data-link=\"https:\/\/www.noc-nietoperzy.pl\/?attachment_id=265\" class=\"wp-image-265\" srcset=\"https:\/\/www.noc-nietoperzy.pl\/wp-content\/uploads\/2018\/12\/dscn7439-1024x768.jpg 1024w, https:\/\/www.noc-nietoperzy.pl\/wp-content\/uploads\/2018\/12\/dscn7439-300x225.jpg 300w, https:\/\/www.noc-nietoperzy.pl\/wp-content\/uploads\/2018\/12\/dscn7439-768x576.jpg 768w\" sizes=\"auto, (max-width: 1024px) 100vw, 1024px\" \/><\/figure><\/li><li class=\"blocks-gallery-item\"><figure><img loading=\"lazy\" decoding=\"async\" width=\"1024\" height=\"768\" src=\"https:\/\/www.noc-nietoperzy.pl\/wp-content\/uploads\/2018\/12\/dscn7473-1024x768.jpg\" alt=\"\" data-id=\"266\" data-link=\"https:\/\/www.noc-nietoperzy.pl\/?attachment_id=266\" class=\"wp-image-266\" srcset=\"https:\/\/www.noc-nietoperzy.pl\/wp-content\/uploads\/2018\/12\/dscn7473-1024x768.jpg 1024w, https:\/\/www.noc-nietoperzy.pl\/wp-content\/uploads\/2018\/12\/dscn7473-300x225.jpg 300w, https:\/\/www.noc-nietoperzy.pl\/wp-content\/uploads\/2018\/12\/dscn7473-768x576.jpg 768w\" sizes=\"auto, (max-width: 1024px) 100vw, 1024px\" \/><\/figure><\/li><li class=\"blocks-gallery-item\"><figure><img loading=\"lazy\" decoding=\"async\" width=\"820\" height=\"615\" src=\"https:\/\/www.noc-nietoperzy.pl\/wp-content\/uploads\/2018\/12\/dscn7473-820x615.jpg\" alt=\"\" data-id=\"267\" data-link=\"https:\/\/www.noc-nietoperzy.pl\/?attachment_id=267\" class=\"wp-image-267\" srcset=\"https:\/\/www.noc-nietoperzy.pl\/wp-content\/uploads\/2018\/12\/dscn7473-820x615.jpg 820w, https:\/\/www.noc-nietoperzy.pl\/wp-content\/uploads\/2018\/12\/dscn7473-820x615-300x225.jpg 300w, https:\/\/www.noc-nietoperzy.pl\/wp-content\/uploads\/2018\/12\/dscn7473-820x615-768x576.jpg 768w\" sizes=\"auto, (max-width: 820px) 100vw, 820px\" \/><\/figure><\/li><li class=\"blocks-gallery-item\"><figure><img loading=\"lazy\" decoding=\"async\" width=\"1024\" height=\"768\" src=\"https:\/\/www.noc-nietoperzy.pl\/wp-content\/uploads\/2018\/12\/dscn7480-1024x768.jpg\" alt=\"\" data-id=\"268\" data-link=\"https:\/\/www.noc-nietoperzy.pl\/?attachment_id=268\" class=\"wp-image-268\" srcset=\"https:\/\/www.noc-nietoperzy.pl\/wp-content\/uploads\/2018\/12\/dscn7480-1024x768.jpg 1024w, https:\/\/www.noc-nietoperzy.pl\/wp-content\/uploads\/2018\/12\/dscn7480-300x225.jpg 300w, https:\/\/www.noc-nietoperzy.pl\/wp-content\/uploads\/2018\/12\/dscn7480-768x576.jpg 768w\" sizes=\"auto, (max-width: 1024px) 100vw, 1024px\" \/><\/figure><\/li><li class=\"blocks-gallery-item\"><figure><img loading=\"lazy\" decoding=\"async\" width=\"1024\" height=\"768\" src=\"https:\/\/www.noc-nietoperzy.pl\/wp-content\/uploads\/2018\/12\/dscn7489-1024x768.jpg\" alt=\"\" data-id=\"269\" data-link=\"https:\/\/www.noc-nietoperzy.pl\/?attachment_id=269\" class=\"wp-image-269\" srcset=\"https:\/\/www.noc-nietoperzy.pl\/wp-content\/uploads\/2018\/12\/dscn7489-1024x768.jpg 1024w, https:\/\/www.noc-nietoperzy.pl\/wp-content\/uploads\/2018\/12\/dscn7489-300x225.jpg 300w, https:\/\/www.noc-nietoperzy.pl\/wp-content\/uploads\/2018\/12\/dscn7489-768x576.jpg 768w\" sizes=\"auto, (max-width: 1024px) 100vw, 1024px\" \/><\/figure><\/li><li class=\"blocks-gallery-item\"><figure><img loading=\"lazy\" decoding=\"async\" width=\"768\" height=\"1024\" src=\"https:\/\/www.noc-nietoperzy.pl\/wp-content\/uploads\/2018\/12\/dscn7512-768x1024.jpg\" alt=\"\" data-id=\"270\" data-link=\"https:\/\/www.noc-nietoperzy.pl\/?attachment_id=270\" class=\"wp-image-270\" srcset=\"https:\/\/www.noc-nietoperzy.pl\/wp-content\/uploads\/2018\/12\/dscn7512-768x1024.jpg 768w, https:\/\/www.noc-nietoperzy.pl\/wp-content\/uploads\/2018\/12\/dscn7512-225x300.jpg 225w, https:\/\/www.noc-nietoperzy.pl\/wp-content\/uploads\/2018\/12\/dscn7512.jpg 1704w\" sizes=\"auto, (max-width: 768px) 100vw, 768px\" \/><\/figure><\/li><li class=\"blocks-gallery-item\"><figure><img loading=\"lazy\" decoding=\"async\" width=\"1024\" height=\"768\" src=\"https:\/\/www.noc-nietoperzy.pl\/wp-content\/uploads\/2018\/12\/dscn7513-1024x768.jpg\" alt=\"\" data-id=\"271\" data-link=\"https:\/\/www.noc-nietoperzy.pl\/?attachment_id=271\" class=\"wp-image-271\" srcset=\"https:\/\/www.noc-nietoperzy.pl\/wp-content\/uploads\/2018\/12\/dscn7513-1024x768.jpg 1024w, https:\/\/www.noc-nietoperzy.pl\/wp-content\/uploads\/2018\/12\/dscn7513-300x225.jpg 300w, https:\/\/www.noc-nietoperzy.pl\/wp-content\/uploads\/2018\/12\/dscn7513-768x576.jpg 768w\" sizes=\"auto, (max-width: 1024px) 100vw, 1024px\" \/><\/figure><\/li><li class=\"blocks-gallery-item\"><figure><img loading=\"lazy\" decoding=\"async\" width=\"1024\" height=\"768\" src=\"https:\/\/www.noc-nietoperzy.pl\/wp-content\/uploads\/2018\/12\/dscn7522-1024x768.jpg\" alt=\"\" data-id=\"272\" data-link=\"https:\/\/www.noc-nietoperzy.pl\/?attachment_id=272\" class=\"wp-image-272\" srcset=\"https:\/\/www.noc-nietoperzy.pl\/wp-content\/uploads\/2018\/12\/dscn7522-1024x768.jpg 1024w, https:\/\/www.noc-nietoperzy.pl\/wp-content\/uploads\/2018\/12\/dscn7522-300x225.jpg 300w, https:\/\/www.noc-nietoperzy.pl\/wp-content\/uploads\/2018\/12\/dscn7522-768x576.jpg 768w\" sizes=\"auto, (max-width: 1024px) 100vw, 1024px\" \/><\/figure><\/li><\/ul>\n\n\n\n<p>Na konkurs wp\u0142yn\u0119\u0142o 192 prac plastycznych o r\u00f3\u017cnej technice.&nbsp; Komisja kieruj\u0105c si\u0119 zasadami konkursu przyzna\u0142a nagrody w II kategoriach wiekowych i II kategoriach: rysunek i malarstwo oraz formy przestrzenne.<\/p>\n\n\n\n<p><strong><em>Kategoria wiekowa kl. I \u2013 kl. IV (rysunek, malarstwo)<\/em><\/strong><\/p>\n\n\n\n<p>1. Nagroda g\u0142\u00f3wna:&nbsp;<strong>Milena Niemczyk<\/strong>&nbsp;\u2013 kl. IV SP w Iwoniczu;<\/p>\n\n\n\n<p>2.&nbsp;<strong>Amelia Zajdel \u2013&nbsp;<\/strong>kl. II d&nbsp; SP nr 15 Krosno<\/p>\n\n\n\n<p>3.&nbsp;<strong>Zuzanna Ziembicka \u2013&nbsp;<\/strong>kl. IVa, SP w Iwoniczu.<\/p>\n\n\n\n<p><em>Wyr\u00f3\u017cnienie specjalne od prezesa Stowarzyszenia Wsp\u00f3\u0142pracy Polska Wsch\u00f3d Gabriela Zajdla<\/em><strong>:<\/strong>&nbsp;&nbsp;<strong>Oliwia Mastyka<\/strong>&nbsp;\u2013&nbsp; kl. II SP w Odrzykoniu,<\/p>\n\n\n\n<ol class=\"wp-block-list\"><li><strong>Mi\u0142osz M\u0119drek \u2013&nbsp;<\/strong>kl. II d, SP nr 15 Krosno,<\/li><li><strong>Krystian Penar \u2013&nbsp;<\/strong>kl. IIa SP w Lubatowej,<\/li><li><strong>Marcelina Delimata&nbsp;<\/strong>\u2013 kl. \u2026SP w nr 15 Krosno,<\/li><li><strong>Bart\u0142omiej Rogus \u2013&nbsp;<\/strong>&nbsp;kl. III SP w&nbsp; Czarnorzekach,<\/li><\/ol>\n\n\n\n<p><strong><em>Kategoria wiekowa \u2013 kl. V- kl. VIII i III Gimnazjum<\/em><\/strong><\/p>\n\n\n\n<p>1.&nbsp;<strong>Nagroda g\u0142\u00f3wna<\/strong>&nbsp;\u2013 Aleksandra Zajchowska \u2013 kl. Vc SP w Korczynie;<\/p>\n\n\n\n<p>2. Maja Dudek \u2013 kl. Vb SP w Korczynie<\/p>\n\n\n\n<p>3. Wiktoria Wojtaszek \u2013 kl. VIIIa SP nr 6 w Kro\u015bnie;<\/p>\n\n\n\n<p><strong><em>Wyr\u00f3\u017cnienie specjalne<\/em><\/strong><em>&nbsp;\u2013 od dyrektora GOK w Korczynie Wojciecha Tomkiewicza<\/em>&nbsp;&nbsp;\u2013&nbsp;<strong>Joaana Ignarska<\/strong>&nbsp;\u2013 kl. VII a SP w Korczynie;<\/p>\n\n\n\n<p><em>od dyrektora&nbsp;<\/em><em>Zespo\u0142u Park\u00f3w Krajobrazowych w Kro\u015bnie&nbsp;<\/em><em>\u0141ukasza Pir\u00f3ga&nbsp;<\/em>\u2013&nbsp;<strong>Dominik Rymarz<\/strong>&nbsp;\u2013 kl. VI SP w Krasnej<\/p>\n\n\n\n<p>1. Klaudia Sabat \u2013 kl. V f SP w Korczynie;<\/p>\n\n\n\n<p>2. Julianna Jakubik \u2013 kl. Vf SP w Korczynie;<\/p>\n\n\n\n<p>3. Eliza Rzeszutek \u2013 kl. VI SP w Korczynie;<\/p>\n\n\n\n<p>4. Wiktoria W\u0119grecka \u2013 kl. VII SP w Krasnej.<\/p>\n\n\n\n<p><strong>Formy przestrzenne<\/strong><\/p>\n\n\n\n<p>1.&nbsp;<strong>Malwina Wojnar<\/strong>&nbsp;\u2013&nbsp; SP w Haczowie;<\/p>\n\n\n\n<p>2.&nbsp;<strong>Mateusz Typrowicz \u2013<\/strong>&nbsp;SP w Odrzykoniu;<\/p>\n\n\n\n<p>3.&nbsp;<strong>Szymon Gerlach<\/strong>&nbsp;\u2013&nbsp; SP nr 15 w Kro\u015bnie<\/p>\n\n\n\n<p><strong><em>Wyr\u00f3\u017cnienie specjalne<\/em><\/strong><strong><em>: od W\u00f3jta Gminy Korczyna Jana Zycha \u2013&nbsp;<\/em><\/strong><\/p>\n\n\n\n<p><strong>Dariusz W\u0119grecki \u2013&nbsp;<\/strong>SP w Krasnej<\/p>\n\n\n\n<p><strong>1. Anna Borsuk \u2013&nbsp;<\/strong>SP w W\u0119gl\u00f3wce<\/p>\n\n\n\n<p><strong>2. Igor Burek \u2013<\/strong>SP w Czarnorzekach<\/p>\n\n\n\n<p><strong>3. Oliwia Zanik&nbsp;<\/strong>\u2013 SP w W\u0119gl\u00f3wce<\/p>\n\n\n\n<p><strong>4. Maria Kucharska \u2013&nbsp;<\/strong>SP w W\u0119gl\u00f3wce.<\/p>\n\n\n\n<p>Komisja zmieni\u0142a regulamin konkursu i zosta\u0142y przyznane nagrody w dw\u00f3ch kategoriach wiekowych i w dw\u00f3ch technikach wykonania prac \u2013 praca p\u0142aska rysunek i malarstwo oraz praca przestrzenna. Ze wzgl\u0119du na du\u017c\u0105 liczb\u0119 prac przestrzennych komisja postanowi\u0142a nagrodzi\u0107 uczestnik\u00f3w konkursu.<\/p>\n\n\n\n<p>Celem konkursu by\u0142o uwra\u017cliwienie na pi\u0119kno przyrody oraz dostrzeganie jej niezwyk\u0142ych detali na przyk\u0142adzie nietoperzy. Ponadto celem konkursu by\u0142o rozwijanie w\u015br\u00f3d dzieci i m\u0142odzie\u017cy umiej\u0119tno\u015bci obserwacji przyrody, jej dokumentowania, interpretacji oraz opisu, a tak\u017ce kszta\u0142towanie \u015bwiadomo\u015bci ekologicznej uczestnik\u00f3w.<\/p>\n\n\n\n<p>Po zako\u0144czeniu prelekcji uczestnicy udali si\u0119 na cz\u0119\u015b\u0107 plenerow\u0105, czyli na wycieczk\u0119 piesz\u0105 do Sztolni nad Czaj\u0105, aby spotka\u0107 \u017cywe nietoperze oraz pozna\u0107 si\u0119 z warunkami w jakich te ssaki bytuj\u0105. Po zako\u0144czeniu wycieczki na uczestnik\u00f3w czeka\u0142 biwak, na kt\u00f3rym zako\u0144czona zosta\u0142a XV Noc Nietoperzy.<\/p>\n\n\n\n<p>Ca\u0142a impreza obj\u0119ta zosta\u0142a patronatem Ministra Ochrony \u015arodowiska oraz Instytutu Systematyki i Ewolucji Zwierz\u0105t ISEZ PAN.<\/p>\n\n\n<p>&nbsp;<\/p>\n<div id='gallery-1' class='gallery galleryid-198 gallery-columns-2 gallery-size-large'><figure class='gallery-item'>\n\t\t\t<div class='gallery-icon portrait'>\n\t\t\t\t<a href='https:\/\/www.noc-nietoperzy.pl\/wp-content\/uploads\/2018\/09\/Zapr.XV-Noc-I.jpg'><img loading=\"lazy\" decoding=\"async\" width=\"722\" height=\"1024\" src=\"https:\/\/www.noc-nietoperzy.pl\/wp-content\/uploads\/2018\/09\/Zapr.XV-Noc-I-722x1024.jpg\" class=\"attachment-large size-large\" alt=\"\" srcset=\"https:\/\/www.noc-nietoperzy.pl\/wp-content\/uploads\/2018\/09\/Zapr.XV-Noc-I-722x1024.jpg 722w, https:\/\/www.noc-nietoperzy.pl\/wp-content\/uploads\/2018\/09\/Zapr.XV-Noc-I-212x300.jpg 212w, https:\/\/www.noc-nietoperzy.pl\/wp-content\/uploads\/2018\/09\/Zapr.XV-Noc-I-768x1089.jpg 768w, https:\/\/www.noc-nietoperzy.pl\/wp-content\/uploads\/2018\/09\/Zapr.XV-Noc-I.jpg 1750w\" sizes=\"auto, (max-width: 722px) 100vw, 722px\" \/><\/a>\n\t\t\t<\/div><\/figure><figure class='gallery-item'>\n\t\t\t<div class='gallery-icon portrait'>\n\t\t\t\t<a href='https:\/\/www.noc-nietoperzy.pl\/wp-content\/uploads\/2018\/09\/Zapr.XV-Noc-II.jpg'><img loading=\"lazy\" decoding=\"async\" width=\"722\" height=\"1024\" src=\"https:\/\/www.noc-nietoperzy.pl\/wp-content\/uploads\/2018\/09\/Zapr.XV-Noc-II-722x1024.jpg\" class=\"attachment-large size-large\" alt=\"\" srcset=\"https:\/\/www.noc-nietoperzy.pl\/wp-content\/uploads\/2018\/09\/Zapr.XV-Noc-II-722x1024.jpg 722w, https:\/\/www.noc-nietoperzy.pl\/wp-content\/uploads\/2018\/09\/Zapr.XV-Noc-II-212x300.jpg 212w, https:\/\/www.noc-nietoperzy.pl\/wp-content\/uploads\/2018\/09\/Zapr.XV-Noc-II-768x1089.jpg 768w, https:\/\/www.noc-nietoperzy.pl\/wp-content\/uploads\/2018\/09\/Zapr.XV-Noc-II.jpg 1750w\" sizes=\"auto, (max-width: 722px) 100vw, 722px\" \/><\/a>\n\t\t\t<\/div><\/figure>\n\t\t<\/div>\n\n<div  class=\"lgx_logo_slider_app_wrapper lgx-logo-slider-wp\"><div class=\"lgx-logo-wrapper  nav-position-v-mid hover-default\"  ><div class=\"owl-carousel lgx-logo-carousel\"  data-autoplaytimeout=\"5000\"  data-autoplayspeed=\"200\"  data-margin=\"10\"  data-loop=\"true\"  data-autoplay=\"true\"  data-autoplayhoverpause=\"false\"  data-dots=\"true\"  data-itemlarge=\"5\"  data-itemdesk=\"4\"  data-itemtablet=\"3\"  data-itemmobile=\"2\"  data-navlarge=\"true\"  data-navdesk=\"true\"  data-navtablet=\"true\"  data-navmobile=\"true\"  ><div class=\"item lgx-log-item\" ><div class=\"lgx-logo-item\" ><a href=\"http:\/\/www.swpw.eu\/\" target=\"_blank\"><img decoding=\"async\" class=\"lgx-logo-img skip-lazy\" src=\"https:\/\/www.noc-nietoperzy.pl\/wp-content\/uploads\/2018\/06\/Logo-1.png\" style=\"max-width: 350px;max-height: 350px;\"   alt=\"\" title=\"Stowarzyszenie Wsp\u00f3\u0142pracy Polska-Wsch\u00f3d\" \/><\/a><h6 class=\"logo-company-name\">Stowarzyszenie Wsp\u00f3\u0142pracy Polska-Wsch\u00f3d<\/h6><\/div><\/div><div class=\"item lgx-log-item\" ><div class=\"lgx-logo-item\" ><a href=\"http:\/\/www.isez.pan.krakow.pl\/\" target=\"_blank\"><img decoding=\"async\" class=\"lgx-logo-img skip-lazy\" src=\"https:\/\/www.noc-nietoperzy.pl\/wp-content\/uploads\/2018\/06\/logoisezpan.jpg\" style=\"max-width: 350px;max-height: 350px;\"   alt=\"\" title=\"Instytut Systematyki i Ewolucji Zwierz\u0105t\" \/><\/a><h6 class=\"logo-company-name\">Instytut Systematyki i Ewolucji Zwierz\u0105t<\/h6><\/div><\/div><div class=\"item lgx-log-item\" ><div class=\"lgx-logo-item\" ><a href=\"https:\/\/www.bip.wfosigw.rzeszow.pl\/\" target=\"_blank\"><img decoding=\"async\" class=\"lgx-logo-img skip-lazy\" src=\"https:\/\/www.noc-nietoperzy.pl\/wp-content\/uploads\/2018\/06\/pobrane.jpg\" style=\"max-width: 350px;max-height: 350px;\"   alt=\"\" title=\"Wojew\u00f3dzki Fundusz Ochrony \u015arodowiska i Gospodarki Wodnej w Rzeszowie\" \/><\/a><h6 class=\"logo-company-name\">Wojew\u00f3dzki Fundusz Ochrony \u015arodowiska i Gospodarki Wodnej w Rzeszowie<\/h6><\/div><\/div><div class=\"item lgx-log-item\" ><div class=\"lgx-logo-item\" ><a href=\"http:\/\/www.krosno.lasy.gov.pl\/\" target=\"_blank\"><img decoding=\"async\" class=\"lgx-logo-img skip-lazy\" src=\"https:\/\/www.noc-nietoperzy.pl\/wp-content\/uploads\/2018\/06\/LogoLP.jpg\" style=\"max-width: 350px;max-height: 350px;\"   alt=\"\" title=\"Regionalna Dyrekcja Las\u00f3w Pa\u0144stwowych w Kro\u015bnie\" \/><\/a><h6 class=\"logo-company-name\">Regionalna Dyrekcja Las\u00f3w Pa\u0144stwowych w Kro\u015bnie<\/h6><\/div><\/div><div class=\"item lgx-log-item\" ><div class=\"lgx-logo-item\" ><a href=\"http:\/\/korczyna.pl\/\" target=\"_blank\"><img decoding=\"async\" class=\"lgx-logo-img skip-lazy\" src=\"https:\/\/www.noc-nietoperzy.pl\/wp-content\/uploads\/2018\/06\/logo_1.png\" style=\"max-width: 350px;max-height: 350px;\"   alt=\"\" title=\"Gmina Korczyna\" \/><\/a><h6 class=\"logo-company-name\">Gmina Korczyna<\/h6><\/div><\/div><div class=\"item lgx-log-item\" ><div class=\"lgx-logo-item\" ><a href=\"http:\/\/www.parkikrosno.pl\/\" target=\"_blank\"><img decoding=\"async\" class=\"lgx-logo-img skip-lazy\" src=\"https:\/\/www.noc-nietoperzy.pl\/wp-content\/uploads\/2018\/06\/Zesp\u00f3\u0142_Karpackich_Park\u00f3w_Krajobrazowych_LOGO.svg_.png\" style=\"max-width: 350px;max-height: 350px;\"   alt=\"\" title=\"Zesp\u00f3\u0142 Karpackich Park\u00f3w Krajobrazowych\" \/><\/a><h6 class=\"logo-company-name\">Zesp\u00f3\u0142 Karpackich Park\u00f3w Krajobrazowych<\/h6><\/div><\/div><\/div><\/div><\/div>","protected":false},"excerpt":{"rendered":"<p>5 pa\u017adziernika 2018 roku na terenie gminy Korczyna odby\u0142a si\u0119 impreza pod tytu\u0142em \u201eNoc Nietoperzy \u2013 Poznajmy i chro\u0144my nietoperze\u201d. Impreza ta organizowana jest corocznie w ramach Mi\u0119dzynarodowej Nocy Nietoperzy i ma na celu, mi\u0119dzy innymi kszta\u0142towanie pozytywnego stosunku ludzi do nietoperzy oraz innych zwierz\u0105t zamieszkuj\u0105cych budynki sakralne lub inne budowle blisko cz\u0142owieka. \u201eNoc Nietoperzy\u201d,&hellip;&nbsp;<a href=\"https:\/\/www.noc-nietoperzy.pl\/?logosliderwp=zespol-karpackich-parkow-krajobrazowych\" rel=\"bookmark\">Dowiedz si\u0119 wi\u0119cej &raquo;<span class=\"screen-reader-text\">Zesp\u00f3\u0142 Karpackich Park\u00f3w Krajobrazowych<\/span><\/a><\/p>\n","protected":false},"author":1,"featured_media":15,"parent":0,"menu_order":0,"comment_status":"0","ping_status":"closed","template":"","meta":{"neve_meta_sidebar":"","neve_meta_container":"","neve_meta_enable_content_width":"","neve_meta_content_width":0,"neve_meta_title_alignment":"","neve_meta_author_avatar":"","neve_post_elements_order":"","neve_meta_disable_header":"","neve_meta_disable_footer":"","neve_meta_disable_title":"","footnotes":""},"class_list":["post-198","page","type-page","status-publish","has-post-thumbnail","hentry"],"_links":{"self":[{"href":"https:\/\/www.noc-nietoperzy.pl\/index.php?rest_route=\/wp\/v2\/pages\/198","targetHints":{"allow":["GET"]}}],"collection":[{"href":"https:\/\/www.noc-nietoperzy.pl\/index.php?rest_route=\/wp\/v2\/pages"}],"about":[{"href":"https:\/\/www.noc-nietoperzy.pl\/index.php?rest_route=\/wp\/v2\/types\/page"}],"author":[{"embeddable":true,"href":"https:\/\/www.noc-nietoperzy.pl\/index.php?rest_route=\/wp\/v2\/users\/1"}],"replies":[{"embeddable":true,"href":"https:\/\/www.noc-nietoperzy.pl\/index.php?rest_route=%2Fwp%2Fv2%2Fcomments&post=198"}],"version-history":[{"count":9,"href":"https:\/\/www.noc-nietoperzy.pl\/index.php?rest_route=\/wp\/v2\/pages\/198\/revisions"}],"predecessor-version":[{"id":273,"href":"https:\/\/www.noc-nietoperzy.pl\/index.php?rest_route=\/wp\/v2\/pages\/198\/revisions\/273"}],"wp:featuredmedia":[{"embeddable":true,"href":"https:\/\/www.noc-nietoperzy.pl\/index.php?rest_route=\/wp\/v2\/media\/15"}],"wp:attachment":[{"href":"https:\/\/www.noc-nietoperzy.pl\/index.php?rest_route=%2Fwp%2Fv2%2Fmedia&parent=198"}],"curies":[{"name":"wp","href":"https:\/\/api.w.org\/{rel}","templated":true}]}}