{"id":2,"date":"2018-06-26T21:29:20","date_gmt":"2018-06-26T21:29:20","guid":{"rendered":"https:\/\/www.noc-nietoperzy.pl\/?page_id=2"},"modified":"2018-06-28T21:26:03","modified_gmt":"2018-06-28T21:26:03","slug":"sample-page","status":"publish","type":"page","link":"https:\/\/www.noc-nietoperzy.pl\/?page_id=2","title":{"rendered":"Kilka s\u0142\u00f3w wprowadzenia"},"content":{"rendered":"<h3><strong><em>Dlaczego nietoperze ?<\/em><\/strong><\/h3>\n<p><strong><em>Nietoperze stanowi\u0105 oko\u0142o \u00bc cz\u0119\u015bci fauny naszego kontynentu i pozostaj\u0105 jedyn\u0105 wi\u0119ksz\u0105 grup\u0105 ssak\u00f3w relatywnie ma\u0142o zbadan\u0105. W wi\u0119kszo\u015bci kraj\u00f3w Europy nietoperze podlegaj\u0105 ochronie (w Polsce od 1952 roku). Obj\u0119cie ochron\u0105 prawn\u0105, chocia\u017c niezb\u0119dne, nie chroni nietoperzy przed niepokojeniem, wandalizmem lub negatywnym wp\u0142ywem zanieczyszczenia \u015brodowiska. Mo\u017cna wi\u0119c powiedzie\u0107, \u017ce najwi\u0119kszym wrogiem nietoperzy jest cz\u0142owiek i stworzona przez niego cywilizacja. Zatrucie i zniszczenie \u015brodowiska\u00a0 spowodowa\u0142o niekiedy katastrofalny spadek populacji niekt\u00f3rych gatunk\u00f3w. Tote\u017c najwi\u0119ksze znaczenie dla ochrony tych ssak\u00f3w jest przekonanie ludzi , \u017ce nietoperze s\u0105 wa\u017cn\u0105 i po\u017cyteczn\u0105 cz\u0119\u015bci\u0105 otaczaj\u0105cego nas \u015brodowiska przyrodniczego.<\/em><\/strong><\/p>\n<h3><strong><em>Dlaczego noc ?<\/em><\/strong><\/h3>\n<p><strong><em>Poniewa\u017c nietoperze s\u0105 aktywne noc\u0105. S\u0105 to zwierz\u0119ta owado\u017cerne, eliminuj\u0105c wiele szkodliwych i dokuczliwych dla cz\u0142owieka owad\u00f3w.<\/em><\/strong><\/p>\n<h3><strong><em>Dlaczego Mi\u0119dzynarodowa (Europejska)? <\/em><\/strong><\/h3>\n<p><strong><em>Nietoperze s\u0105 zwierz\u0119tami migruj\u0105cymi, wiosn\u0105 i jesieni\u0105 zmieniaj\u0105 swoje kryj\u00f3wki.\u00a0 W swych w\u0119dr\u00f3wkach przekraczaj\u0105 granice pa\u0144stw i skuteczna ich ochrona wymaga mi\u0119dzynarodowej wsp\u00f3\u0142pracy. Zorganizowanie kolejnej Nocy Nietoperzy jest wyra\u017ceniem naszej woli kontynuowania i rozszerzania mi\u0119dzynarodowej wsp\u00f3\u0142pracy na rzecz ochrony tych ssak\u00f3w.<\/em><\/strong><\/p>\n<h3><strong><em>Dlaczego w jesiennym zr\u00f3wnaniu dnia z noc\u0105?<\/em><\/strong><\/h3>\n<p><strong><em>Nietoperze strefy umiarkowanej rozpoczynaj\u0105 przygotowania do trwaj\u0105cej wiele miesi\u0119cy hibernacji. Musz\u0105 w tym celu zgromadzi\u0107 zapasy t\u0142uszczu wystarczaj\u0105ce do przetrwania zimy. Jesie\u0144 jest tak\u017ce okresem godowym tych ssak\u00f3w. Jest to wiec czas du\u017cej aktywno\u015bci w \u017cyciu nietoperzy.<\/em><\/strong><\/p>\n<h3><strong><em>Co mo\u017cemy zrobi\u0107?<\/em><\/strong><\/h3>\n<p><strong><em>Ka\u017cdy rodzaj aktywno\u015bci s\u0142u\u017c\u0105cy ochronie nietoperzy jest potrzebny. Organizujcie prelekcje, wyk\u0142ady, wystawy, zr\u00f3bcie co\u015b dla zabezpieczenia i ochrony ich letnich i zimowych schronie\u0144.<\/em><\/strong><\/p>\n<div  class=\"lgx_logo_slider_app_wrapper lgx-logo-slider-wp\"><div class=\"lgx-logo-wrapper  nav-position-v-mid hover-default\"  ><div class=\"owl-carousel lgx-logo-carousel\"  data-autoplaytimeout=\"5000\"  data-autoplayspeed=\"200\"  data-margin=\"10\"  data-loop=\"true\"  data-autoplay=\"true\"  data-autoplayhoverpause=\"false\"  data-dots=\"true\"  data-itemlarge=\"5\"  data-itemdesk=\"4\"  data-itemtablet=\"3\"  data-itemmobile=\"2\"  data-navlarge=\"true\"  data-navdesk=\"true\"  data-navtablet=\"true\"  data-navmobile=\"true\"  ><div class=\"item lgx-log-item\" ><div class=\"lgx-logo-item\" ><a href=\"http:\/\/www.swpw.eu\/\" target=\"_blank\"><img decoding=\"async\" class=\"lgx-logo-img skip-lazy\" src=\"https:\/\/www.noc-nietoperzy.pl\/wp-content\/uploads\/2018\/06\/Logo-1.png\" style=\"max-width: 350px;max-height: 350px;\"   alt=\"\" title=\"Stowarzyszenie Wsp\u00f3\u0142pracy Polska-Wsch\u00f3d\" \/><\/a><h6 class=\"logo-company-name\">Stowarzyszenie Wsp\u00f3\u0142pracy Polska-Wsch\u00f3d<\/h6><\/div><\/div><div class=\"item lgx-log-item\" ><div class=\"lgx-logo-item\" ><a href=\"http:\/\/www.isez.pan.krakow.pl\/\" target=\"_blank\"><img decoding=\"async\" class=\"lgx-logo-img skip-lazy\" src=\"https:\/\/www.noc-nietoperzy.pl\/wp-content\/uploads\/2018\/06\/logoisezpan.jpg\" style=\"max-width: 350px;max-height: 350px;\"   alt=\"\" title=\"Instytut Systematyki i Ewolucji Zwierz\u0105t\" \/><\/a><h6 class=\"logo-company-name\">Instytut Systematyki i Ewolucji Zwierz\u0105t<\/h6><\/div><\/div><div class=\"item lgx-log-item\" ><div class=\"lgx-logo-item\" ><a href=\"https:\/\/www.bip.wfosigw.rzeszow.pl\/\" target=\"_blank\"><img decoding=\"async\" class=\"lgx-logo-img skip-lazy\" src=\"https:\/\/www.noc-nietoperzy.pl\/wp-content\/uploads\/2018\/06\/pobrane.jpg\" style=\"max-width: 350px;max-height: 350px;\"   alt=\"\" title=\"Wojew\u00f3dzki Fundusz Ochrony \u015arodowiska i Gospodarki Wodnej w Rzeszowie\" \/><\/a><h6 class=\"logo-company-name\">Wojew\u00f3dzki Fundusz Ochrony \u015arodowiska i Gospodarki Wodnej w Rzeszowie<\/h6><\/div><\/div><div class=\"item lgx-log-item\" ><div class=\"lgx-logo-item\" ><a href=\"http:\/\/www.krosno.lasy.gov.pl\/\" target=\"_blank\"><img decoding=\"async\" class=\"lgx-logo-img skip-lazy\" src=\"https:\/\/www.noc-nietoperzy.pl\/wp-content\/uploads\/2018\/06\/LogoLP.jpg\" style=\"max-width: 350px;max-height: 350px;\"   alt=\"\" title=\"Regionalna Dyrekcja Las\u00f3w Pa\u0144stwowych w Kro\u015bnie\" \/><\/a><h6 class=\"logo-company-name\">Regionalna Dyrekcja Las\u00f3w Pa\u0144stwowych w Kro\u015bnie<\/h6><\/div><\/div><div class=\"item lgx-log-item\" ><div class=\"lgx-logo-item\" ><a href=\"http:\/\/korczyna.pl\/\" target=\"_blank\"><img decoding=\"async\" class=\"lgx-logo-img skip-lazy\" src=\"https:\/\/www.noc-nietoperzy.pl\/wp-content\/uploads\/2018\/06\/logo_1.png\" style=\"max-width: 350px;max-height: 350px;\"   alt=\"\" title=\"Gmina Korczyna\" \/><\/a><h6 class=\"logo-company-name\">Gmina Korczyna<\/h6><\/div><\/div><div class=\"item lgx-log-item\" ><div class=\"lgx-logo-item\" ><a href=\"http:\/\/www.parkikrosno.pl\/\" target=\"_blank\"><img decoding=\"async\" class=\"lgx-logo-img skip-lazy\" src=\"https:\/\/www.noc-nietoperzy.pl\/wp-content\/uploads\/2018\/06\/Zesp\u00f3\u0142_Karpackich_Park\u00f3w_Krajobrazowych_LOGO.svg_.png\" style=\"max-width: 350px;max-height: 350px;\"   alt=\"\" title=\"Zesp\u00f3\u0142 Karpackich Park\u00f3w Krajobrazowych\" \/><\/a><h6 class=\"logo-company-name\">Zesp\u00f3\u0142 Karpackich Park\u00f3w Krajobrazowych<\/h6><\/div><\/div><\/div><\/div><\/div>\n","protected":false},"excerpt":{"rendered":"<p>Dlaczego nietoperze ? Nietoperze stanowi\u0105 oko\u0142o \u00bc cz\u0119\u015bci fauny naszego kontynentu i pozostaj\u0105 jedyn\u0105 wi\u0119ksz\u0105 grup\u0105 ssak\u00f3w relatywnie ma\u0142o zbadan\u0105. W wi\u0119kszo\u015bci kraj\u00f3w Europy nietoperze podlegaj\u0105 ochronie (w Polsce od 1952 roku). Obj\u0119cie ochron\u0105 prawn\u0105, chocia\u017c niezb\u0119dne, nie chroni nietoperzy przed niepokojeniem, wandalizmem lub negatywnym wp\u0142ywem zanieczyszczenia \u015brodowiska. Mo\u017cna wi\u0119c powiedzie\u0107, \u017ce najwi\u0119kszym wrogiem nietoperzy&hellip;&nbsp;<a href=\"https:\/\/www.noc-nietoperzy.pl\/?logosliderwp=zespol-karpackich-parkow-krajobrazowych\" rel=\"bookmark\">Dowiedz si\u0119 wi\u0119cej &raquo;<span class=\"screen-reader-text\">Zesp\u00f3\u0142 Karpackich Park\u00f3w Krajobrazowych<\/span><\/a><\/p>\n","protected":false},"author":1,"featured_media":56,"parent":0,"menu_order":0,"comment_status":"0","ping_status":"open","template":"","meta":{"neve_meta_sidebar":"","neve_meta_container":"","neve_meta_enable_content_width":"","neve_meta_content_width":0,"neve_meta_title_alignment":"","neve_meta_author_avatar":"","neve_post_elements_order":"","neve_meta_disable_header":"","neve_meta_disable_footer":"","neve_meta_disable_title":"","footnotes":""},"class_list":["post-2","page","type-page","status-publish","has-post-thumbnail","hentry"],"_links":{"self":[{"href":"https:\/\/www.noc-nietoperzy.pl\/index.php?rest_route=\/wp\/v2\/pages\/2","targetHints":{"allow":["GET"]}}],"collection":[{"href":"https:\/\/www.noc-nietoperzy.pl\/index.php?rest_route=\/wp\/v2\/pages"}],"about":[{"href":"https:\/\/www.noc-nietoperzy.pl\/index.php?rest_route=\/wp\/v2\/types\/page"}],"author":[{"embeddable":true,"href":"https:\/\/www.noc-nietoperzy.pl\/index.php?rest_route=\/wp\/v2\/users\/1"}],"replies":[{"embeddable":true,"href":"https:\/\/www.noc-nietoperzy.pl\/index.php?rest_route=%2Fwp%2Fv2%2Fcomments&post=2"}],"version-history":[{"count":3,"href":"https:\/\/www.noc-nietoperzy.pl\/index.php?rest_route=\/wp\/v2\/pages\/2\/revisions"}],"predecessor-version":[{"id":220,"href":"https:\/\/www.noc-nietoperzy.pl\/index.php?rest_route=\/wp\/v2\/pages\/2\/revisions\/220"}],"wp:featuredmedia":[{"embeddable":true,"href":"https:\/\/www.noc-nietoperzy.pl\/index.php?rest_route=\/wp\/v2\/media\/56"}],"wp:attachment":[{"href":"https:\/\/www.noc-nietoperzy.pl\/index.php?rest_route=%2Fwp%2Fv2%2Fmedia&parent=2"}],"curies":[{"name":"wp","href":"https:\/\/api.w.org\/{rel}","templated":true}]}}