{"id":241,"date":"2018-06-30T16:29:54","date_gmt":"2018-06-30T16:29:54","guid":{"rendered":"https:\/\/www.noc-nietoperzy.pl\/?page_id=241"},"modified":"2018-12-27T20:54:38","modified_gmt":"2018-12-27T20:54:38","slug":"konkurs-plastyczny-swiat-nietoperzy","status":"publish","type":"page","link":"https:\/\/www.noc-nietoperzy.pl\/?page_id=241","title":{"rendered":"Konkurs plastyczny \u201e\u015aWIAT NIETOPERZY\u201d"},"content":{"rendered":"Serdecznie zapraszamy uczni\u00f3w ze szk\u00f3\u0142 z terenu wojew\u00f3dztwa podkarpackiego do wzi\u0119cia udzia\u0142u w konkursie plastycznym pod tytu\u0142em \u201e\u015awiat nietoperzy\u201d. Konkurs realizowany jest w ramach XV Nocy Nietoperzy w Czarnorzekach oraz Mi\u0119dzynarodowej Konferencji pt. \u201e<em>Odpowiedzialno\u015b\u0107 cz\u0142owieka za przetrwanie nietoperzy\u201d.<\/em>\n\nCelem konkursu jest uwra\u017cliwienie na pi\u0119kno przyrody oraz dostrzeganie jej niezwyk\u0142ych detali na przyk\u0142adzie nietoperzy. Ponadto celem konkursu jest rozwijanie w\u015br\u00f3d dzieci i m\u0142odzie\u017cy umiej\u0119tno\u015bci obserwacji przyrody, jej dokumentowania, interpretacji oraz opisu, a tak\u017ce kszta\u0142towanie \u015bwiadomo\u015bci ekologicznej uczestnik\u00f3w.\n\nPrzedmiotem konkursu jest wykonanie pracy autorskiej w dowolnej technice plastycznej (rysunek, malarstwo, wyklejanka, rze\u017aba itp.) o tematyce zwi\u0105zanej z ochron\u0105 nietoperzy, ich siedlisk, oraz zimowych i letnich miejsc schronienia. Prace mog\u0105 by\u0107 wykonane w dowolnej technice i dowolnym formacie, nie mniejszym ni\u017c format A4.\n\nW konkursie przewidziano trzy nagrody g\u0142\u00f3wne w ka\u017cdej z dw\u00f3ch kategorii \u2013 rysunek i malarstwo, oraz rze\u017aby i formy przestrzenne i siedem wyr\u00f3\u017cnie\u0144 dla ka\u017cdej z nich. Nagrody to mi\u0119dzy innymi lunety, lornetki, ksi\u0105\u017cki, zestawy malarskie oraz ksi\u0105\u017cki tematyczne.\n\nPoni\u017cej mo\u017cna pobra\u0107 regulamin konkursu, w kt\u00f3rym zawarte s\u0105 wszystkie informacje dotycz\u0105ce procedur i termin\u00f3w oddawania prac konkursowych wraz z karta zg\u0142oszeniow\u0105 i o\u015bwiadczeniem RODO.\n\n<a href=\"https:\/\/www.noc-nietoperzy.pl\/wp-content\/uploads\/2018\/09\/Regulamin-konkursu-2018.pdf\">Regulamin konkursu 2018<\/a>\n\n<a href=\"https:\/\/www.noc-nietoperzy.pl\/wp-content\/uploads\/2018\/09\/Zaproszenie-na-konkurs-szko%C5%82y-2018.pdf\">Zaproszenie na konkurs \u2013 szko\u0142y 2018<\/a>\n\n<strong>REGULAMIN KONKURSU PLASTYCZNEGO\u00a0\u00a0<\/strong><strong>\u201e<em>\u015aWIAT NIETOPERZY\u201d\u00a0<\/em><\/strong><strong>w ramach XV Nocy Nietoperzy 2018<\/strong>\n\n<strong>\u00a0<\/strong>\n\n<strong>Organizator konkursu <\/strong>\n<ol>\n \t<li>Organizatorem konkursu jest Spo\u0142eczny Komitet Organizacyjny XV Nocy Nietoperzy.<\/li>\n \t<li>Konkurs realizowany jest w ramach XV Nocy Nietoperzy w Czarnorzekach oraz Mi\u0119dzynarodowej Konferencji pt. \u201e<em>Obiekty Sakralne w Ochronie Zwierz\u0105t \u2013 dzi\u015b i w przysz\u0142o\u015bci\u201d.<\/em><\/li>\n<\/ol>\n<strong>Cel konkursu <\/strong>\n\nCelem konkursu jest uwra\u017cliwienie na pi\u0119kno przyrody oraz dostrzeganie jej niezwyk\u0142ych detali na przyk\u0142adzie nietoperzy. Ponadto celem konkursu jest rozwijanie w\u015br\u00f3d dzieci i m\u0142odzie\u017cy umiej\u0119tno\u015bci obserwacji przyrody, jej dokumentowania, interpretacji oraz opisu, a tak\u017ce kszta\u0142towanie \u015bwiadomo\u015bci ekologicznej uczestnik\u00f3w.\n\n<strong>Przedmiot konkursu <\/strong>\n<ol>\n \t<li>Przedmiotem konkursu jest wykonanie pracy autorskiej w dowolnej technice plastycznej (rysunek, malarstwo, wyklejanka itp.) o tematyce zwi\u0105zanej z nietoperzami, ich siedliskami, zimowymi i letnimi miejscami schronienia.<\/li>\n \t<li>Prace mog\u0105 by\u0107 w dowolnej technice i dowolnym formacie, nie mniejszym ni\u017c format A4.<\/li>\n<\/ol>\n<strong>Uczestnicy konkursu <\/strong>\n<ol>\n \t<li>Konkurs jest skierowany do dzieci i m\u0142odzie\u017cy z wojew\u00f3dztwa podkarpackiego.<\/li>\n \t<li>W konkursie mog\u0105 bra\u0107 udzia\u0142 dzieci szk\u00f3\u0142 podstawowych i gimnazjalnych.<\/li>\n \t<li>Dla bior\u0105cych udzia\u0142 w konkursie dzieci wymagana jest zgoda i podpis rodzic\u00f3w albo opiekun\u00f3w, kt\u00f3ry nale\u017cy z\u0142o\u017cy\u0107 na karcie zg\u0142oszenia.<\/li>\n<\/ol>\n<strong>Zasady udzia\u0142u w konkursie<\/strong>\n<ol>\n \t<li>Udzia\u0142 w konkursie jest dobrowolny.<\/li>\n \t<li>Praca powinna posiada\u0107 1 autora.<\/li>\n \t<li>Praca musi by\u0107 wykonana samodzielnie przez Uczestnika konkursu.<\/li>\n \t<li>Jedna osoba mo\u017ce zg\u0142osi\u0107 na konkurs 1 prac\u0119.<\/li>\n \t<li>Na odwrocie pracy powinno znajdowa\u0107 si\u0119 <strong><em>god\u0142o\/znak<\/em><\/strong> autora. Do prac prosimy do\u0142\u0105czy\u0107 zaklejon\u0105 kopert\u0119 opatrzon\u0105 tym samym god\u0142em, zawieraj\u0105c\u0105 wype\u0142nion\u0105 kart\u0119 zg\u0142oszenia.<\/li>\n \t<li>Wszystkie prace b\u0119d\u0105 traktowane z najwi\u0119ksz\u0105 staranno\u015bci\u0105, jednak Organizatorzy nie bior\u0105 odpowiedzialno\u015bci za ich ewentualne uszkodzenie lub zagini\u0119cie w transporcie pocztowym.<\/li>\n \t<li>Kart\u0119 zg\u0142oszenia i regulamin konkursu wraz z dodatkowymi informacjami mo\u017cna uzyska\u0107 bezpo\u015brednio w siedzibie SWPW w Kro\u015bnie przy ulicy Mickiewicza 31 lub w Gminnym O\u015brodku Kultury w Korczynie.<\/li>\n \t<li>Prace zg\u0142oszone na konkurs mog\u0105 by\u0107 odebrane przez uczestnik\u00f3w w siedzibie Gminnego O\u015brodka Kultury w Korczynie. Organizator nie odsy\u0142a zg\u0142oszonych prac.<\/li>\n<\/ol>\n<strong>\u00a0<\/strong>\n\n<strong>Ochrona danych osobowych<\/strong>\n\n<strong>\u00a0<\/strong>\n<ol>\n \t<li>Dane osobowe Uczestnik\u00f3w Konkursu b\u0119d\u0105 przetwarzane w celach przeprowadzenia Konkursu, rozpatrzenia reklamacji, wy\u0142onienia zwyci\u0119zc\u00f3w i przyznania, wydania, odbioru i rozliczenia nagr\u00f3d.<\/li>\n \t<li>Dane osobowe uczestnik\u00f3w Konkursu b\u0119d\u0105 wykorzystywane zgodnie z warunkami okre\u015blonymi w ustawie z dnia 29 sierpnia 1997 r. o ochronie danych osobowych (Dz. U. z 2014 r. poz. 1182 z p\u00f3\u017an. zmianami). Administratorem danych osobowych jest Organizator.<\/li>\n \t<li>Podanie danych osobowych jest dobrowolne, lecz ich niepodanie uniemo\u017cliwia udzia\u0142 w Konkursie. Osobie podaj\u0105cej dane osobowe przys\u0142uguje prawo dost\u0119pu do jej danych osobowych oraz prawo ich poprawiania, a tak\u017ce usuni\u0119cia.<\/li>\n \t<li>Administratorem danych osobowych Uczestnik\u00f3w Konkursu jest Podkarpacki Oddzia\u0142 Wojew\u00f3dzki Stowarzyszenia Wsp\u00f3\u0142pracy Polska Wsch\u00f3d z siedzib\u0105 w Kro\u015bnie przy ulicy Mickiewicza 31.<\/li>\n \t<li>Przetwarzanie danych osobowych Uczestnik\u00f3w obejmowa\u0107 b\u0119dzie nast\u0119puj\u0105cy zakres danych:<\/li>\n<\/ol>\n&#8211; imi\u0119 i nazwisko,\n\n&#8211; adres e-mail,\n\n&#8211; numer telefonu\n\n&#8211; adresu, na kt\u00f3ry ma by\u0107 przes\u0142ana nagroda\n\n<strong>\u00a0<\/strong>\n\n<strong>Postanowienia dodatkowe<\/strong>\n<ol>\n \t<li>Prace, kt\u00f3re nie b\u0119d\u0105 spe\u0142nia\u0142y kryteri\u00f3w przedstawionych w Regulaminie nie zostan\u0105 zakwalifikowane do konkursu.<\/li>\n \t<li>Do oceny z\u0142o\u017conych prac zostanie powo\u0142ane profesjonalne Jury. Jury przyzna najlepszym pracom nagrody i wyr\u00f3\u017cnienia.<\/li>\n \t<li>Jurorzy oceniaj\u0105c nades\u0142ane na konkurs prace b\u0119d\u0105 brali pod uwag\u0119: jako\u015b\u0107 wykonanych prac, kompozycj\u0119, dob\u00f3r materia\u0142\u00f3w, wyobra\u017ani\u0119 tw\u00f3rcz\u0105 oraz umiej\u0119tno\u015b\u0107 wykorzystania materia\u0142\u00f3w plastycznych w kontek\u015bcie tematyki konkursu i ca\u0142ego projektu.<\/li>\n<\/ol>\n<strong>\u00a0<\/strong>\n\n<strong>Terminarz <\/strong>\n<ol>\n \t<li>Konkurs zostaje og\u0142oszony z dniem ukazania si\u0119 regulaminu oraz plakat\u00f3w w szko\u0142ach.<\/li>\n \t<li>Prace konkursowe wraz z kart\u0105 zg\u0142oszeniow\u0105 nale\u017cy sk\u0142ada\u0107 do <strong><em>1 pa\u017adziernika 2018 r. do godziny 12.00<\/em><\/strong> w siedzibie SWP-W w Kro\u015bnie przy ulicy Mickiewicza 31 lub w Gminnym O\u015brodku Kultury w Korczynie.<\/li>\n<\/ol>\nPrace mo\u017cna tak\u017ce mo\u017cna tak\u017ce przesy\u0142a\u0107 poczt\u0105 na adres:\n\nPodkarpacki Oddzia\u0142 Wojew\u00f3dzki\n\nStowarzyszenia Wsp\u00f3\u0142pracy POLSKA-WSCH\u00d3D\n\nulica Mickiewicza 31, 38-400 Krosno,\n<ol start=\"3\">\n \t<li>Prace dostarczone po terminie nie b\u0119d\u0105 bra\u0142y udzia\u0142u w konkursie.<\/li>\n \t<li>Rozstrzygni\u0119cie konkursu i ocena prac nast\u0105pi w dniu 2 pa\u017adziernika 2018 roku. 5. Nagrodzone prace b\u0119d\u0105 prezentowane na wystawie pokonkursowej \u00a0w dniu 5 pa\u017adziernika 2018 podczas trwania <em>XV Nocy Nietoperzy<\/em>.<\/li>\n \t<li>Rozdanie nagr\u00f3d zwyci\u0119zcom konkursu nast\u0105pi podczas XV Nocy Nietoperzy w Czarnorzekach zgodnie z programem imprezy.<\/li>\n<\/ol>\nWe wszystkich sprawach nie uregulowanych Regulaminem decyduje Jury\u00a0 i ostateczna interpretacja Regulaminu nale\u017cy do Jury.\n\n\n\nWyniki konkursu 2018\n\nW jury zasiadali przewodnicz\u0105cy Krzysztof Bryniecki \u2013 przedstawiciel Biura Wystaw Artystycznych w Kro\u015bnie, Teresa Gazda przedstawiciel GOK w Korczynie oraz Monika Jankowicz \u2013 przedstawiciel Zespo\u0142u Karpackich Park\u00f3w Krajobrazowych w Kro\u015bnie.\n\n \n\nNa konkurs wp\u0142yn\u0119\u0142o 192 prac plastycznych o r\u00f3\u017cnej technice.\u00a0 Komisja kieruj\u0105c si\u0119 zasadami konkursu przyzna\u0142a nagrody w II kategoriach wiekowych i II kategoriach: rysunek i malarstwo oraz formy przestrzenne.\n\n \n\n<strong><em>Kategoria wiekowa kl. I \u2013 kl. IV (rysunek, malarstwo)<\/em><\/strong>\n\n \n\n1. Nagroda g\u0142\u00f3wna:\u00a0<strong>Milena Niemczyk<\/strong>\u00a0\u2013 kl. IV SP w Iwoniczu;\n\n \n\n2.\u00a0<strong>Amelia Zajdel \u2013\u00a0<\/strong>kl. II d\u00a0 SP nr 15 Krosno\n\n \n\n3.\u00a0<strong>Zuzanna Ziembicka \u2013\u00a0<\/strong>kl. IVa, SP w Iwoniczu.\n\n \n\n<em>Wyr\u00f3\u017cnienie specjalne od prezesa Stowarzyszenia Wsp\u00f3\u0142pracy Polska Wsch\u00f3d Gabriela Zajdla<\/em><strong>:<\/strong>\u00a0\u00a0<strong>Oliwia Mastyka<\/strong>\u00a0\u2013\u00a0 kl. II SP w Odrzykoniu,\n\n \n<ol class=\"wp-block-list\">\n \t<li><strong>Mi\u0142osz M\u0119drek \u2013\u00a0<\/strong>kl. II d, SP nr 15 Krosno,<\/li>\n \t<li><strong>Krystian Penar \u2013\u00a0<\/strong>kl. IIa SP w Lubatowej,<\/li>\n \t<li><strong>Marcelina Delimata\u00a0<\/strong>\u2013 kl. \u2026SP w nr 15 Krosno,<\/li>\n \t<li><strong>Bart\u0142omiej Rogus \u2013\u00a0<\/strong>\u00a0kl. III SP w\u00a0 Czarnorzekach,<\/li>\n<\/ol>\n \n\n<strong><em>Kategoria wiekowa \u2013 kl. V- kl. VIII i III Gimnazjum<\/em><\/strong>\n\n \n\n1.\u00a0<strong>Nagroda g\u0142\u00f3wna<\/strong>\u00a0\u2013 Aleksandra Zajchowska \u2013 kl. Vc SP w Korczynie;\n\n \n\n2. Maja Dudek \u2013 kl. Vb SP w Korczynie\n\n \n\n3. Wiktoria Wojtaszek \u2013 kl. VIIIa SP nr 6 w Kro\u015bnie;\n\n \n\n<strong><em>Wyr\u00f3\u017cnienie specjalne<\/em><\/strong><em>\u00a0\u2013 od dyrektora GOK w Korczynie Wojciecha Tomkiewicza<\/em>\u00a0\u00a0\u2013\u00a0<strong>Joaana Ignarska<\/strong>\u00a0\u2013 kl. VII a SP w Korczynie;\n\n \n\n<em>od dyrektora\u00a0<\/em><em>Zespo\u0142u Park\u00f3w Krajobrazowych w Kro\u015bnie\u00a0<\/em><em>\u0141ukasza Pir\u00f3ga\u00a0<\/em>\u2013\u00a0<strong>Dominik Rymarz<\/strong>\u00a0\u2013 kl. VI SP w Krasnej\n\n \n\n1. Klaudia Sabat \u2013 kl. V f SP w Korczynie;\n\n \n\n2. Julianna Jakubik \u2013 kl. Vf SP w Korczynie;\n\n \n\n3. Eliza Rzeszutek \u2013 kl. VI SP w Korczynie;\n\n \n\n4. Wiktoria W\u0119grecka \u2013 kl. VII SP w Krasnej.\n\n \n\n<strong>Formy przestrzenne<\/strong>\n\n \n\n1.\u00a0<strong>Malwina Wojnar<\/strong>\u00a0\u2013\u00a0 SP w Haczowie;\n\n \n\n2.\u00a0<strong>Mateusz Typrowicz \u2013<\/strong>\u00a0SP w Odrzykoniu;\n\n \n\n3.\u00a0<strong>Szymon Gerlach<\/strong>\u00a0\u2013\u00a0 SP nr 15 w Kro\u015bnie\n\n \n\n<strong><em>Wyr\u00f3\u017cnienie specjalne<\/em><\/strong><strong><em>: od W\u00f3jta Gminy Korczyna Jana Zycha \u2013\u00a0<\/em><\/strong>\n\n \n\n<strong>Dariusz W\u0119grecki \u2013\u00a0<\/strong>SP w Krasnej\n\n \n\n<strong>1. Anna Borsuk \u2013\u00a0<\/strong>SP w W\u0119gl\u00f3wce\n\n \n\n<strong>2. Igor Burek \u2013<\/strong>SP w Czarnorzekach\n\n \n\n<strong>3. Oliwia Zanik\u00a0<\/strong>\u2013 SP w W\u0119gl\u00f3wce\n\n \n\n<strong>4. Maria Kucharska \u2013\u00a0<\/strong>SP w W\u0119gl\u00f3wce.\n\n \n\nKomisja zmieni\u0142a regulamin konkursu i zosta\u0142y przyznane nagrody w dw\u00f3ch kategoriach wiekowych i w dw\u00f3ch technikach wykonania prac \u2013 praca p\u0142aska rysunek i malarstwo oraz praca przestrzenna. Ze wzgl\u0119du na du\u017c\u0105 liczb\u0119 prac przestrzennych komisja postanowi\u0142a nagrodzi\u0107 uczestnik\u00f3w konkursu.\n\n \n\nCelem konkursu by\u0142o uwra\u017cliwienie na pi\u0119kno przyrody oraz dostrzeganie jej niezwyk\u0142ych detali na przyk\u0142adzie nietoperzy. Ponadto celem konkursu by\u0142o rozwijanie w\u015br\u00f3d dzieci i m\u0142odzie\u017cy umiej\u0119tno\u015bci obserwacji przyrody, jej dokumentowania, interpretacji oraz opisu, a tak\u017ce kszta\u0142towanie \u015bwiadomo\u015bci ekologicznej uczestnik\u00f3w.\n\n \n\nPo zako\u0144czeniu prelekcji uczestnicy udali si\u0119 na cz\u0119\u015b\u0107 plenerow\u0105, czyli na wycieczk\u0119 piesz\u0105 do Sztolni nad Czaj\u0105, aby spotka\u0107 \u017cywe nietoperze oraz pozna\u0107 si\u0119 z warunkami w jakich te ssaki bytuj\u0105. Po zako\u0144czeniu wycieczki na uczestnik\u00f3w czeka\u0142 biwak, na kt\u00f3rym zako\u0144czona zosta\u0142a XV Noc Nietoperzy.\n\n \n\nCa\u0142a impreza obj\u0119ta zosta\u0142a patronatem Ministra Ochrony \u015arodowiska oraz Instytutu Systematyki i Ewolucji Zwierz\u0105t ISEZ PAN.\n\n\n\n<div  class=\"lgx_logo_slider_app_wrapper lgx-logo-slider-wp\"><div class=\"lgx-logo-wrapper  nav-position-v-mid hover-default\"  ><div class=\"owl-carousel lgx-logo-carousel\"  data-autoplaytimeout=\"5000\"  data-autoplayspeed=\"200\"  data-margin=\"10\"  data-loop=\"true\"  data-autoplay=\"true\"  data-autoplayhoverpause=\"false\"  data-dots=\"true\"  data-itemlarge=\"5\"  data-itemdesk=\"4\"  data-itemtablet=\"3\"  data-itemmobile=\"2\"  data-navlarge=\"true\"  data-navdesk=\"true\"  data-navtablet=\"true\"  data-navmobile=\"true\"  ><div class=\"item lgx-log-item\" ><div class=\"lgx-logo-item\" ><a href=\"http:\/\/www.swpw.eu\/\" target=\"_blank\"><img decoding=\"async\" class=\"lgx-logo-img skip-lazy\" src=\"https:\/\/www.noc-nietoperzy.pl\/wp-content\/uploads\/2018\/06\/Logo-1.png\" style=\"max-width: 350px;max-height: 350px;\"   alt=\"\" title=\"Stowarzyszenie Wsp\u00f3\u0142pracy Polska-Wsch\u00f3d\" \/><\/a><h6 class=\"logo-company-name\">Stowarzyszenie Wsp\u00f3\u0142pracy Polska-Wsch\u00f3d<\/h6><\/div><\/div><div class=\"item lgx-log-item\" ><div class=\"lgx-logo-item\" ><a href=\"http:\/\/www.isez.pan.krakow.pl\/\" target=\"_blank\"><img decoding=\"async\" class=\"lgx-logo-img skip-lazy\" src=\"https:\/\/www.noc-nietoperzy.pl\/wp-content\/uploads\/2018\/06\/logoisezpan.jpg\" style=\"max-width: 350px;max-height: 350px;\"   alt=\"\" title=\"Instytut Systematyki i Ewolucji Zwierz\u0105t\" \/><\/a><h6 class=\"logo-company-name\">Instytut Systematyki i Ewolucji Zwierz\u0105t<\/h6><\/div><\/div><div class=\"item lgx-log-item\" ><div class=\"lgx-logo-item\" ><a href=\"https:\/\/www.bip.wfosigw.rzeszow.pl\/\" target=\"_blank\"><img decoding=\"async\" class=\"lgx-logo-img skip-lazy\" src=\"https:\/\/www.noc-nietoperzy.pl\/wp-content\/uploads\/2018\/06\/pobrane.jpg\" style=\"max-width: 350px;max-height: 350px;\"   alt=\"\" title=\"Wojew\u00f3dzki Fundusz Ochrony \u015arodowiska i Gospodarki Wodnej w Rzeszowie\" \/><\/a><h6 class=\"logo-company-name\">Wojew\u00f3dzki Fundusz Ochrony \u015arodowiska i Gospodarki Wodnej w Rzeszowie<\/h6><\/div><\/div><div class=\"item lgx-log-item\" ><div class=\"lgx-logo-item\" ><a href=\"http:\/\/www.krosno.lasy.gov.pl\/\" target=\"_blank\"><img decoding=\"async\" class=\"lgx-logo-img skip-lazy\" src=\"https:\/\/www.noc-nietoperzy.pl\/wp-content\/uploads\/2018\/06\/LogoLP.jpg\" style=\"max-width: 350px;max-height: 350px;\"   alt=\"\" title=\"Regionalna Dyrekcja Las\u00f3w Pa\u0144stwowych w Kro\u015bnie\" \/><\/a><h6 class=\"logo-company-name\">Regionalna Dyrekcja Las\u00f3w Pa\u0144stwowych w Kro\u015bnie<\/h6><\/div><\/div><div class=\"item lgx-log-item\" ><div class=\"lgx-logo-item\" ><a href=\"http:\/\/korczyna.pl\/\" target=\"_blank\"><img decoding=\"async\" class=\"lgx-logo-img skip-lazy\" src=\"https:\/\/www.noc-nietoperzy.pl\/wp-content\/uploads\/2018\/06\/logo_1.png\" style=\"max-width: 350px;max-height: 350px;\"   alt=\"\" title=\"Gmina Korczyna\" \/><\/a><h6 class=\"logo-company-name\">Gmina Korczyna<\/h6><\/div><\/div><div class=\"item lgx-log-item\" ><div class=\"lgx-logo-item\" ><a href=\"http:\/\/www.parkikrosno.pl\/\" target=\"_blank\"><img decoding=\"async\" class=\"lgx-logo-img skip-lazy\" src=\"https:\/\/www.noc-nietoperzy.pl\/wp-content\/uploads\/2018\/06\/Zesp\u00f3\u0142_Karpackich_Park\u00f3w_Krajobrazowych_LOGO.svg_.png\" style=\"max-width: 350px;max-height: 350px;\"   alt=\"\" title=\"Zesp\u00f3\u0142 Karpackich Park\u00f3w Krajobrazowych\" \/><\/a><h6 class=\"logo-company-name\">Zesp\u00f3\u0142 Karpackich Park\u00f3w Krajobrazowych<\/h6><\/div><\/div><\/div><\/div><\/div>","protected":false},"excerpt":{"rendered":"<p>Serdecznie zapraszamy uczni\u00f3w ze szk\u00f3\u0142 z terenu wojew\u00f3dztwa podkarpackiego do wzi\u0119cia udzia\u0142u w konkursie plastycznym pod tytu\u0142em \u201e\u015awiat nietoperzy\u201d. Konkurs realizowany jest w ramach XV Nocy Nietoperzy w Czarnorzekach oraz Mi\u0119dzynarodowej Konferencji pt. \u201eOdpowiedzialno\u015b\u0107 cz\u0142owieka za przetrwanie nietoperzy\u201d. Celem konkursu jest uwra\u017cliwienie na pi\u0119kno przyrody oraz dostrzeganie jej niezwyk\u0142ych detali na przyk\u0142adzie nietoperzy. Ponadto celem&hellip;&nbsp;<a href=\"https:\/\/www.noc-nietoperzy.pl\/?logosliderwp=zespol-karpackich-parkow-krajobrazowych\" rel=\"bookmark\">Dowiedz si\u0119 wi\u0119cej &raquo;<span class=\"screen-reader-text\">Zesp\u00f3\u0142 Karpackich Park\u00f3w Krajobrazowych<\/span><\/a><\/p>\n","protected":false},"author":1,"featured_media":15,"parent":0,"menu_order":0,"comment_status":"0","ping_status":"closed","template":"","meta":{"neve_meta_sidebar":"","neve_meta_container":"","neve_meta_enable_content_width":"","neve_meta_content_width":0,"neve_meta_title_alignment":"","neve_meta_author_avatar":"","neve_post_elements_order":"","neve_meta_disable_header":"","neve_meta_disable_footer":"","neve_meta_disable_title":"","footnotes":""},"class_list":["post-241","page","type-page","status-publish","has-post-thumbnail","hentry"],"_links":{"self":[{"href":"https:\/\/www.noc-nietoperzy.pl\/index.php?rest_route=\/wp\/v2\/pages\/241","targetHints":{"allow":["GET"]}}],"collection":[{"href":"https:\/\/www.noc-nietoperzy.pl\/index.php?rest_route=\/wp\/v2\/pages"}],"about":[{"href":"https:\/\/www.noc-nietoperzy.pl\/index.php?rest_route=\/wp\/v2\/types\/page"}],"author":[{"embeddable":true,"href":"https:\/\/www.noc-nietoperzy.pl\/index.php?rest_route=\/wp\/v2\/users\/1"}],"replies":[{"embeddable":true,"href":"https:\/\/www.noc-nietoperzy.pl\/index.php?rest_route=%2Fwp%2Fv2%2Fcomments&post=241"}],"version-history":[{"count":3,"href":"https:\/\/www.noc-nietoperzy.pl\/index.php?rest_route=\/wp\/v2\/pages\/241\/revisions"}],"predecessor-version":[{"id":262,"href":"https:\/\/www.noc-nietoperzy.pl\/index.php?rest_route=\/wp\/v2\/pages\/241\/revisions\/262"}],"wp:featuredmedia":[{"embeddable":true,"href":"https:\/\/www.noc-nietoperzy.pl\/index.php?rest_route=\/wp\/v2\/media\/15"}],"wp:attachment":[{"href":"https:\/\/www.noc-nietoperzy.pl\/index.php?rest_route=%2Fwp%2Fv2%2Fmedia&parent=241"}],"curies":[{"name":"wp","href":"https:\/\/api.w.org\/{rel}","templated":true}]}}